{"id":627,"date":"2016-01-31T20:52:53","date_gmt":"2016-01-31T19:52:53","guid":{"rendered":"http:\/\/pgv.projektstatus.com\/alrutz\/?page_id=627"},"modified":"2023-01-24T10:40:47","modified_gmt":"2023-01-24T09:40:47","slug":"rechtliche-angaben","status":"publish","type":"page","link":"https:\/\/www.pgv-hannover.de\/alrutz\/kontakt\/rechtliche-angaben\/","title":{"rendered":"Rechtliche Angaben"},"content":{"rendered":"<p><strong>Herausgeberschaft und Inhaltliche Verantwortung<\/strong><\/p>\n<p>PGV-Alrutz GbR<br \/>\nAdelheidstra\u00dfe 9b<br \/>\n30171 Hannover<\/p>\n<p>Telefon (Sekretariat): 0511-220601-80<br \/>\nFax: 0511 220601-990<\/p>\n<p>E-Mal:\u00a0<a href=\"mailto:info@pgv-alrutz.de\">info@pgv-alrutz.de<\/a><\/p>\n<p><strong>Gesellschafter PGV-Alrutz GbR<\/strong><\/p>\n<p>Dipl.-Ing. Dipl.-Soz. Wolfgang Bohle<br \/>\nDipl.-Ing. Heike Prahlow<\/p>\n<p>Dipl.-Ing. Dankmar Alrutz (beratend)<\/p>\n<p>Das B\u00fcro ist eingetragen in die Liste der Beratenden Ingenieure f\u00fcr Bauwesen und Mitglieder der Ingenieurkammer Niedersachsen, K\u00f6rperschaft des \u00d6ffentlichen Rechts, Hohenzollernstr. 52, 30161 Hannover.<\/p>\n<p>Gesetzliche Berufsbezeichnung der B\u00fcroinhaber: Dipl.-Ing., verliehen in Deutschland.<\/p>\n<p><strong>Rechtliche Grundlagen:<\/strong><br \/>\nNieders\u00e4chsisches Ingenieurgesetz (NIngG) vom 25. September 2017 (Nds. GVBl. 2017, S.\u00a0322), zuletzt ge\u00e4ndert\u00a0 durch Artikel 25 des Gesetzes vom 16.05.2018 (Nds. GVBl. 2018, S.\u00a0 66) und Honorarordnung f\u00fcr Architekten und Ingenieure (HOAI) vom 10. Juli 2013 (BGBl.\u00a0I 2013, S.\u00a02276).<\/p>\n<p><strong>Berufshaftplichtversicherung:<\/strong><br \/>\nVHV Allgemeine Versicherung AG, VHV-Platz 1, 30177 Hannover<\/p>\n<p><strong>Verbraucherstreitbeilegungsgesetz:<br \/>\n<\/strong>Wir sind zur Teilnahme an einem Streitbeilegungsverfahren vor einer Verbraucherschlichtungsstelle nach dem Verbraucherstreitbeilegungsgesetz weder bereit noch verpflichtet.<\/p>\n<p><strong>Umsatzsteueridentifikationsnummer:\u00a0<\/strong>DE 303776909<\/p>\n<p><strong>Bildrechte:<\/strong><br \/>\nDie Verwendungsrechte an s\u00e4mtlichem Bildmaterial liegen bei der\u00a0PGV-Alrutz GbR, solange nichts anderes angegeben wurde.<\/p>\n<p><strong>Homepage-Erstellung:<\/strong><br \/>\nBeratung, Konzept, Gestaltung: <a href=\"https:\/\/www.lombert.de\/\" target=\"_blank\" rel=\"noopener noreferrer\">Stefanie Lombert<\/a>, Hannover<br \/>\nBeratung,\u00a0Konzept, Produktion: <a href=\"https:\/\/www.trilos.de\/\" target=\"_blank\" rel=\"noopener noreferrer\">TRILOS<\/a> new media, Hannover<br \/>\nFotos der Mitarbeitenden und des PGV-Geb\u00e4udes sowie andere: <a href=\"https:\/\/www.fredericthomassek.de\/\" target=\"_blank\" rel=\"noopener noreferrer\">Frederic Thomassek<\/a>, Hannover und <a href=\"https:\/\/www.foto-juerges.de\" target=\"_blank\" rel=\"noopener noreferrer\">Detlef J\u00fcrges<\/a>, Ronnenberg<\/p>\n","protected":false},"excerpt":{"rendered":"<p>Herausgeberschaft und Inhaltliche Verantwortung PGV-Alrutz GbR Adelheidstra\u00dfe 9b 30171 Hannover Telefon (Sekretariat): 0511-220601-80 Fax: 0511 220601-990 E-Mal:\u00a0info@pgv-alrutz.de Gesellschafter PGV-Alrutz GbR Dipl.-Ing. Dipl.-Soz. Wolfgang Bohle Dipl.-Ing. Heike Prahlow Dipl.-Ing. Dankmar Alrutz (beratend) Das B\u00fcro ist eingetragen in die Liste der Beratenden Ingenieure f\u00fcr Bauwesen und Mitglieder der Ingenieurkammer Niedersachsen, K\u00f6rperschaft des \u00d6ffentlichen Rechts, Hohenzollernstr. 52, 30161 [&hellip;]<\/p>\n","protected":false},"author":1,"featured_media":0,"parent":382,"menu_order":0,"comment_status":"closed","ping_status":"closed","template":"","meta":[],"_links":{"self":[{"href":"https:\/\/www.pgv-hannover.de\/alrutz\/wp-json\/wp\/v2\/pages\/627"}],"collection":[{"href":"https:\/\/www.pgv-hannover.de\/alrutz\/wp-json\/wp\/v2\/pages"}],"about":[{"href":"https:\/\/www.pgv-hannover.de\/alrutz\/wp-json\/wp\/v2\/types\/page"}],"author":[{"embeddable":true,"href":"https:\/\/www.pgv-hannover.de\/alrutz\/wp-json\/wp\/v2\/users\/1"}],"replies":[{"embeddable":true,"href":"https:\/\/www.pgv-hannover.de\/alrutz\/wp-json\/wp\/v2\/comments?post=627"}],"version-history":[{"count":21,"href":"https:\/\/www.pgv-hannover.de\/alrutz\/wp-json\/wp\/v2\/pages\/627\/revisions"}],"predecessor-version":[{"id":2330,"href":"https:\/\/www.pgv-hannover.de\/alrutz\/wp-json\/wp\/v2\/pages\/627\/revisions\/2330"}],"up":[{"embeddable":true,"href":"https:\/\/www.pgv-hannover.de\/alrutz\/wp-json\/wp\/v2\/pages\/382"}],"wp:attachment":[{"href":"https:\/\/www.pgv-hannover.de\/alrutz\/wp-json\/wp\/v2\/media?parent=627"}],"curies":[{"name":"wp","href":"https:\/\/api.w.org\/{rel}","templated":true}]}}