{"id":529,"date":"2016-01-31T17:20:25","date_gmt":"2016-01-31T16:20:25","guid":{"rendered":"http:\/\/pgv.projektstatus.com\/alrutz\/?page_id=529"},"modified":"2026-02-16T12:12:25","modified_gmt":"2026-02-16T11:12:25","slug":"buerogeschichte","status":"publish","type":"page","link":"https:\/\/www.pgv-hannover.de\/alrutz\/ueber-uns\/buerogeschichte\/","title":{"rendered":"B\u00fcrogeschichte"},"content":{"rendered":"<p>Das B\u00fcro PGV-Alrutz wurde 2012 unter dem Gesch\u00e4ftsf\u00fchrer Dankmar Alrutz gegr\u00fcndet. Zum Januar 2016 entwickelte sich die <strong>PGV-Alrutz<\/strong> im Hinblick auf zuk\u00fcnftige Anforderungen weiter. Mit Heike Prahlow und Wolfgang Bohle \u00fcbernahmen zwei langj\u00e4hrige Mitarbeitende die Gesch\u00e4ftsf\u00fchrung der PGV-Alrutz gemeinsam mit Dankmar Alrutz. In diesem Zusammenhang wurde aus der bisherigen PGV-Alrutz das B\u00fcro<strong> PGV-Alrutz GbR. <\/strong>Zum 31.12.2018 gab Herr Alrutz seine Funktion als Gesellschafter aus Altersgr\u00fcnden ab. Er stand dem B\u00fcro bis zu seinem Tod im M\u00e4rz 2024 weiterhin beratend zur Verf\u00fcgung.<br \/>\nSeit Januar 2019 bilden Heike Prahlow und\u00a0Wolfgang Bohle die Gesch\u00e4ftsf\u00fchrung der PGV-Alrutz GbR.<\/p>\n<p>Die PGV-Alrutz ging aus dem urspr\u00fcnglichen B\u00fcro Planungsgemeinschaft Verkehr GbR (PGV) hervor, das seit 1986 mit Sitz in Hannover t\u00e4tig war. Die PGV-Alrutz kann daher auf 40 Jahre Erfahrung bei der F\u00f6rderung des Rad- und Fu\u00dfverkehrs zur\u00fcckgreifen.<\/p>\n<p>Die PGV-Alrutz bearbeitete seit 2012 \u00fcber 300 Projekte f\u00fcr St\u00e4dte und Gemeinden, Landkreise, Landestra\u00dfenbauverwaltungen, Bundes- und Landesministerien, Verb\u00e4nde, Vereine, Unternehmen und Bautr\u00e4ger.<\/p>\n<p><img loading=\"lazy\" class=\"size-medium wp-image-701 alignleft\" src=\"https:\/\/www.pgv-hannover.de\/alrutz\/wp-content\/uploads\/2016\/02\/Adelheidstra\u00b7e-9b-2-300x188.jpg\" alt=\"Aktuelles - PGV als fahrradfreundlichster (Klein)Betrieb der Region Hannover ausgezeichnet\" width=\"300\" height=\"188\" srcset=\"https:\/\/www.pgv-hannover.de\/alrutz\/wp-content\/uploads\/2016\/02\/Adelheidstra\u00b7e-9b-2-300x188.jpg 300w, https:\/\/www.pgv-hannover.de\/alrutz\/wp-content\/uploads\/2016\/02\/Adelheidstra\u00b7e-9b-2-150x94.jpg 150w, https:\/\/www.pgv-hannover.de\/alrutz\/wp-content\/uploads\/2016\/02\/Adelheidstra\u00b7e-9b-2-1024x640.jpg 1024w, https:\/\/www.pgv-hannover.de\/alrutz\/wp-content\/uploads\/2016\/02\/Adelheidstra\u00b7e-9b-2.jpg 1280w\" sizes=\"(max-width: 300px) 100vw, 300px\" \/>Die Planungsgemeinschaft Verkehr wurde am 12. November 2015 von der Region Hannover als <strong>\u201eFahrradfreundlichste Arbeitgeberin 2015\u201c<\/strong> in der Kategorie \u201eArbeitgeber mit 5 bis 49 Mitarbeitenden\u201c ausgezeichnet.<\/p>\n<p>Neben der Auszeichnung erhielt die PGV ein hochwertiges neues Dienstrad.<\/p>\n","protected":false},"excerpt":{"rendered":"<p>Das B\u00fcro PGV-Alrutz wurde 2012 unter dem Gesch\u00e4ftsf\u00fchrer Dankmar Alrutz gegr\u00fcndet. Zum Januar 2016 entwickelte sich die PGV-Alrutz im Hinblick auf zuk\u00fcnftige Anforderungen weiter. Mit Heike Prahlow und Wolfgang Bohle \u00fcbernahmen zwei langj\u00e4hrige Mitarbeitende die Gesch\u00e4ftsf\u00fchrung der PGV-Alrutz gemeinsam mit Dankmar Alrutz. In diesem Zusammenhang wurde aus der bisherigen PGV-Alrutz das B\u00fcro PGV-Alrutz GbR. Zum [&hellip;]<\/p>\n","protected":false},"author":1,"featured_media":0,"parent":13,"menu_order":20,"comment_status":"closed","ping_status":"closed","template":"","meta":[],"_links":{"self":[{"href":"https:\/\/www.pgv-hannover.de\/alrutz\/wp-json\/wp\/v2\/pages\/529"}],"collection":[{"href":"https:\/\/www.pgv-hannover.de\/alrutz\/wp-json\/wp\/v2\/pages"}],"about":[{"href":"https:\/\/www.pgv-hannover.de\/alrutz\/wp-json\/wp\/v2\/types\/page"}],"author":[{"embeddable":true,"href":"https:\/\/www.pgv-hannover.de\/alrutz\/wp-json\/wp\/v2\/users\/1"}],"replies":[{"embeddable":true,"href":"https:\/\/www.pgv-hannover.de\/alrutz\/wp-json\/wp\/v2\/comments?post=529"}],"version-history":[{"count":17,"href":"https:\/\/www.pgv-hannover.de\/alrutz\/wp-json\/wp\/v2\/pages\/529\/revisions"}],"predecessor-version":[{"id":2699,"href":"https:\/\/www.pgv-hannover.de\/alrutz\/wp-json\/wp\/v2\/pages\/529\/revisions\/2699"}],"up":[{"embeddable":true,"href":"https:\/\/www.pgv-hannover.de\/alrutz\/wp-json\/wp\/v2\/pages\/13"}],"wp:attachment":[{"href":"https:\/\/www.pgv-hannover.de\/alrutz\/wp-json\/wp\/v2\/media?parent=529"}],"curies":[{"name":"wp","href":"https:\/\/api.w.org\/{rel}","templated":true}]}}